{"id":1723,"date":"2024-05-06T08:00:27","date_gmt":"2024-05-06T07:00:27","guid":{"rendered":"https:\/\/www.tranasskolmobler.se\/?post_type=products&#038;p=1723"},"modified":"2026-01-14T11:09:19","modified_gmt":"2026-01-14T09:09:19","slug":"tarris-c-stativ","status":"publish","type":"products","link":"https:\/\/dev.yellon.se\/sonobrands\/tranas-skolmobler\/product\/tarris-c-stativ\/","title":{"rendered":"Tarris C-stativ"},"content":{"rendered":"","protected":false},"template":"","product_cat":[137,6],"acf":{"enable_advanced_product_template":true,"product_image":{"featured_image":1880,"gallery_images":[{"image":1750},{"image":""}]},"product_description":"Stapelbar stol Tarris med plast skal och med C-stativ som \u00e4r pulverlackad.\r\nFinns i 2 storlekar p\u00e5 skal f\u00f6r barn och vuxen.\r\nKan h\u00e4ngas upp p\u00e5 bordsskivan. Staplas max 8 st stolar i h\u00f6jd. ","designer":"","product_data_real":{"expandable_colors":{"order":2,"color_row_heading":"F\u00e4rger","colors":[{"actual_colors_row_heading":"Sittskal Svart, Vit, Gr\u00e5 ","row_colors":[{"image_of_color":1814},{"image_of_color":1816},{"image_of_color":1830}]},{"actual_colors_row_heading":"M\u00f6rkbl\u00e5, Turkos, Olivgr\u00f6n R\u00f6d","row_colors":[{"image_of_color":1831},{"image_of_color":1834},{"image_of_color":1832},{"image_of_color":1833}]},{"actual_colors_row_heading":"Stativ RAL9006, RAL9005","row_colors":[{"image_of_color":1815},{"image_of_color":1814}]}]},"expandable_row":[{"expandable_heading":"Varianter","advanced_row":true,"allow_favorites":true,"plain_test_content":false,"content":"","row_content":[{"label":"Sitsbredd","value":"425 mm"},{"label":"Sitsdjup","value":"430 mm"},{"label":"Sitth\u00f6jd","value":"465 mm"},{"label":"Bredd","value":"510 mm"},{"label":"Djup","value":"520 mm"},{"label":"H\u00f6jd","value":"815 mm"},{"label":"Vikt","value":"5.8 kg "}],"advance_row_content":[{"columns":[{"column_content":"Modell","column_image":""},{"column_content":"Variant","column_image":""},{"column_content":"Bredd","column_image":""},{"column_content":"Djup","column_image":""},{"column_content":"H\u00f6jd","column_image":""},{"column_content":"Sitsbredd","column_image":""},{"column_content":"Sitsdjup","column_image":""},{"column_content":"Sitth\u00f6jd","column_image":""},{"column_content":"Vikt","column_image":""}]},{"columns":[{"column_content":"","column_image":1880},{"column_content":"C-stativ vuxen","column_image":""},{"column_content":"510 mm","column_image":""},{"column_content":"520 mm","column_image":""},{"column_content":"815 mm","column_image":""},{"column_content":"425 mm","column_image":""},{"column_content":"430 mm","column_image":""},{"column_content":"465 mm","column_image":""},{"column_content":"5,8 kg","column_image":""}]},{"columns":[{"column_content":"","column_image":1880},{"column_content":"C-stativ junior","column_image":""},{"column_content":"445 mm","column_image":""},{"column_content":"380 mm","column_image":""},{"column_content":"697 mm","column_image":""},{"column_content":"360 mm","column_image":""},{"column_content":"320 mm","column_image":""},{"column_content":"400 mm","column_image":""},{"column_content":"4,6 kg","column_image":""}]}]},{"expandable_heading":"Material","advanced_row":false,"allow_favorites":false,"plain_test_content":false,"content":"","row_content":[{"label":"Sits och rygg","value":"Plast skal"},{"label":"Stativ","value":"Pulverlackerat st\u00e5lstativ"}],"advance_row_content":null},{"expandable_heading":"Certifikat","advanced_row":false,"allow_favorites":false,"plain_test_content":false,"content":"","row_content":[{"label":"Tester","value":" EN 1729-2:2012 + A1:2016 "},{"label":"Certifiering","value":"M\u00f6belfakta"}],"advance_row_content":null}],"documents":[{"file":"","link":{"title":"M\u00f6belfakta","url":"https:\/\/www.mobelfakta.se\/Details.html?id=4052","target":""}},{"file":"","link":{"title":"Broschyr Tarris Svenska","url":"https:\/\/ipaper.ipapercms.dk\/SonoGroup\/tranaas-skolmobler\/tarris\/","target":"_blank"}},{"file":"","link":{"title":"Tarris C-stativ","url":"https:\/\/ipaper.ipapercms.dk\/SonoGroup\/tranaas-skolmobler\/monteringsanvisningar\/tarris-c-stativ\/","target":""}}]},"product_block":[{"acf_fc_layout":"content_block","order":"media-content","heading":"V\u00e4lj mellan flera olika stativ","content_background_color":"bg--primary","media_type":"file","embed_url":"","autoplay":true,"video":2026,"image":null},{"acf_fc_layout":"large_media","media_type":"image","image":1754,"embed_url":"","autoplay":false,"video":null,"content":""},{"acf_fc_layout":"content_block","order":"content-media","heading":"Familj","content_background_color":"bg--secondary","media_type":"image","embed_url":"","autoplay":false,"video":null,"image":1753}],"full_width_media":{"hide_module":true,"":null,"media_type":"mp4","media_size":"constrain","image":1727,"video":"","embed_url":"","content_layout":"default","heading":"","content":"","link_target":""},"related_products":{"heading":"Relaterade produkter","products":[1717,1756,1776,2198]},"more_related_products":{"heading":"Funkar bra med...","products":[252,253,254]},"search_keywords":"L0001\r\nL000\r\nelevstol\r\nplaststol"},"yoast_head":"<!-- This site is optimized with the Yoast SEO plugin v21.6 - https:\/\/yoast.com\/wordpress\/plugins\/seo\/ -->\n<title>Tarris C-stativ - Tran\u00e5s Skolm\u00f6bler<\/title>\n<meta name=\"robots\" content=\"index, follow, max-snippet:-1, max-image-preview:large, max-video-preview:-1\" \/>\n<link rel=\"canonical\" href=\"https:\/\/dev.yellon.se\/sonobrands\/tranas-skolmobler\/product\/tarris-c-stativ\/\" \/>\n<meta property=\"og:locale\" content=\"en_US\" \/>\n<meta property=\"og:type\" content=\"article\" \/>\n<meta property=\"og:title\" content=\"Tarris C-stativ - Tran\u00e5s Skolm\u00f6bler\" \/>\n<meta property=\"og:url\" content=\"https:\/\/dev.yellon.se\/sonobrands\/tranas-skolmobler\/product\/tarris-c-stativ\/\" \/>\n<meta property=\"og:site_name\" content=\"Tran\u00e5s Skolm\u00f6bler\" \/>\n<meta property=\"article:modified_time\" content=\"2026-01-14T09:09:19+00:00\" \/>\n<meta name=\"twitter:card\" content=\"summary_large_image\" \/>\n<meta name=\"twitter:label1\" content=\"Est. reading time\" \/>\n\t<meta name=\"twitter:data1\" content=\"4 minutes\" \/>\n<script type=\"application\/ld+json\" class=\"yoast-schema-graph\">{\"@context\":\"https:\/\/schema.org\",\"@graph\":[{\"@type\":\"WebPage\",\"@id\":\"https:\/\/dev.yellon.se\/sonobrands\/tranas-skolmobler\/product\/tarris-c-stativ\/\",\"url\":\"https:\/\/dev.yellon.se\/sonobrands\/tranas-skolmobler\/product\/tarris-c-stativ\/\",\"name\":\"Tarris C-stativ - Tran\u00e5s Skolm\u00f6bler\",\"isPartOf\":{\"@id\":\"https:\/\/dev.yellon.se\/sonobrands\/tranas-skolmobler\/#website\"},\"datePublished\":\"2024-05-06T07:00:27+00:00\",\"dateModified\":\"2026-01-14T09:09:19+00:00\",\"breadcrumb\":{\"@id\":\"https:\/\/dev.yellon.se\/sonobrands\/tranas-skolmobler\/product\/tarris-c-stativ\/#breadcrumb\"},\"inLanguage\":\"en-US\",\"potentialAction\":[{\"@type\":\"ReadAction\",\"target\":[\"https:\/\/dev.yellon.se\/sonobrands\/tranas-skolmobler\/product\/tarris-c-stativ\/\"]}]},{\"@type\":\"BreadcrumbList\",\"@id\":\"https:\/\/dev.yellon.se\/sonobrands\/tranas-skolmobler\/product\/tarris-c-stativ\/#breadcrumb\",\"itemListElement\":[{\"@type\":\"ListItem\",\"position\":1,\"name\":\"Home\",\"item\":\"https:\/\/dev.yellon.se\/sonobrands\/tranas-skolmobler\/\"},{\"@type\":\"ListItem\",\"position\":2,\"name\":\"Tarris C-stativ\"}]},{\"@type\":\"WebSite\",\"@id\":\"https:\/\/dev.yellon.se\/sonobrands\/tranas-skolmobler\/#website\",\"url\":\"https:\/\/dev.yellon.se\/sonobrands\/tranas-skolmobler\/\",\"name\":\"Tran\u00e5s Skolm\u00f6bler\",\"description\":\"Sono Brands\",\"potentialAction\":[{\"@type\":\"SearchAction\",\"target\":{\"@type\":\"EntryPoint\",\"urlTemplate\":\"https:\/\/dev.yellon.se\/sonobrands\/tranas-skolmobler\/?s={search_term_string}\"},\"query-input\":\"required name=search_term_string\"}],\"inLanguage\":\"en-US\"}]}<\/script>\n<!-- \/ Yoast SEO plugin. -->","yoast_head_json":{"title":"Tarris C-stativ - Tran\u00e5s Skolm\u00f6bler","robots":{"index":"index","follow":"follow","max-snippet":"max-snippet:-1","max-image-preview":"max-image-preview:large","max-video-preview":"max-video-preview:-1"},"canonical":"https:\/\/dev.yellon.se\/sonobrands\/tranas-skolmobler\/product\/tarris-c-stativ\/","og_locale":"en_US","og_type":"article","og_title":"Tarris C-stativ - Tran\u00e5s Skolm\u00f6bler","og_url":"https:\/\/dev.yellon.se\/sonobrands\/tranas-skolmobler\/product\/tarris-c-stativ\/","og_site_name":"Tran\u00e5s Skolm\u00f6bler","article_modified_time":"2026-01-14T09:09:19+00:00","twitter_card":"summary_large_image","twitter_misc":{"Est. reading time":"4 minutes"},"schema":{"@context":"https:\/\/schema.org","@graph":[{"@type":"WebPage","@id":"https:\/\/dev.yellon.se\/sonobrands\/tranas-skolmobler\/product\/tarris-c-stativ\/","url":"https:\/\/dev.yellon.se\/sonobrands\/tranas-skolmobler\/product\/tarris-c-stativ\/","name":"Tarris C-stativ - Tran\u00e5s Skolm\u00f6bler","isPartOf":{"@id":"https:\/\/dev.yellon.se\/sonobrands\/tranas-skolmobler\/#website"},"datePublished":"2024-05-06T07:00:27+00:00","dateModified":"2026-01-14T09:09:19+00:00","breadcrumb":{"@id":"https:\/\/dev.yellon.se\/sonobrands\/tranas-skolmobler\/product\/tarris-c-stativ\/#breadcrumb"},"inLanguage":"en-US","potentialAction":[{"@type":"ReadAction","target":["https:\/\/dev.yellon.se\/sonobrands\/tranas-skolmobler\/product\/tarris-c-stativ\/"]}]},{"@type":"BreadcrumbList","@id":"https:\/\/dev.yellon.se\/sonobrands\/tranas-skolmobler\/product\/tarris-c-stativ\/#breadcrumb","itemListElement":[{"@type":"ListItem","position":1,"name":"Home","item":"https:\/\/dev.yellon.se\/sonobrands\/tranas-skolmobler\/"},{"@type":"ListItem","position":2,"name":"Tarris C-stativ"}]},{"@type":"WebSite","@id":"https:\/\/dev.yellon.se\/sonobrands\/tranas-skolmobler\/#website","url":"https:\/\/dev.yellon.se\/sonobrands\/tranas-skolmobler\/","name":"Tran\u00e5s Skolm\u00f6bler","description":"Sono Brands","potentialAction":[{"@type":"SearchAction","target":{"@type":"EntryPoint","urlTemplate":"https:\/\/dev.yellon.se\/sonobrands\/tranas-skolmobler\/?s={search_term_string}"},"query-input":"required name=search_term_string"}],"inLanguage":"en-US"}]}},"featured_img_src":"https:\/\/dev.yellon.se\/sonobrands\/tranas-skolmobler\/wp-content\/uploads\/2024\/05\/tarris_2.jpg","_links":{"self":[{"href":"https:\/\/dev.yellon.se\/sonobrands\/tranas-skolmobler\/wp-json\/wp\/v2\/products\/1723"}],"collection":[{"href":"https:\/\/dev.yellon.se\/sonobrands\/tranas-skolmobler\/wp-json\/wp\/v2\/products"}],"about":[{"href":"https:\/\/dev.yellon.se\/sonobrands\/tranas-skolmobler\/wp-json\/wp\/v2\/types\/products"}],"wp:attachment":[{"href":"https:\/\/dev.yellon.se\/sonobrands\/tranas-skolmobler\/wp-json\/wp\/v2\/media?parent=1723"}],"wp:term":[{"taxonomy":"product_cat","embeddable":true,"href":"https:\/\/dev.yellon.se\/sonobrands\/tranas-skolmobler\/wp-json\/wp\/v2\/product_cat?post=1723"}],"curies":[{"name":"wp","href":"https:\/\/api.w.org\/{rel}","templated":true}]}}

Stapelbar stol Tarris med plast skal och med C-stativ som är pulverlackad.
Finns i 2 storlekar på skal för barn och vuxen.
Kan hängas upp på bordsskivan. Staplas max 8 st stolar i höjd.

Färger

Sittskal Svart, Vit, Grå

Mörkblå, Turkos, Olivgrön Röd

Sitthöjd

Höjd

Pulverlackerat stålstativ

Möbelfakta

Välj mellan flera olika stativ

<!-- This site is optimized with the Yoast SEO plugin v21.6 - https://yoast.com/wordpress/plugins/seo/ -->
<title>Tarris C-stativ - Tranås Skolmöbler</title>
<meta name="robots" content="index, follow, max-snippet:-1, max-image-preview:large, max-video-preview:-1" />
<link rel="canonical" href="https://dev.yellon.se/sonobrands/tranas-skolmobler/product/tarris-c-stativ/" />
<meta property="og:locale" content="en_US" />
<meta property="og:type" content="article" />
<meta property="og:title" content="Tarris C-stativ - Tranås Skolmöbler" />
<meta property="og:url" content="https://dev.yellon.se/sonobrands/tranas-skolmobler/product/tarris-c-stativ/" />
<meta property="og:site_name" content="Tranås Skolmöbler" />
<meta property="article:modified_time" content="2026-01-14T09:09:19+00:00" />
<meta name="twitter:card" content="summary_large_image" />
<meta name="twitter:label1" content="Est. reading time" />
	<meta name="twitter:data1" content="4 minutes" />
<script type="application/ld+json" class="yoast-schema-graph">{"@context":"https://schema.org","@graph":[{"@type":"WebPage","@id":"https://dev.yellon.se/sonobrands/tranas-skolmobler/product/tarris-c-stativ/","url":"https://dev.yellon.se/sonobrands/tranas-skolmobler/product/tarris-c-stativ/","name":"Tarris C-stativ - Tranås Skolmöbler","isPartOf":{"@id":"https://dev.yellon.se/sonobrands/tranas-skolmobler/#website"},"datePublished":"2024-05-06T07:00:27+00:00","dateModified":"2026-01-14T09:09:19+00:00","breadcrumb":{"@id":"https://dev.yellon.se/sonobrands/tranas-skolmobler/product/tarris-c-stativ/#breadcrumb"},"inLanguage":"en-US","potentialAction":[{"@type":"ReadAction","target":["https://dev.yellon.se/sonobrands/tranas-skolmobler/product/tarris-c-stativ/"]}]},{"@type":"BreadcrumbList","@id":"https://dev.yellon.se/sonobrands/tranas-skolmobler/product/tarris-c-stativ/#breadcrumb","itemListElement":[{"@type":"ListItem","position":1,"name":"Home","item":"https://dev.yellon.se/sonobrands/tranas-skolmobler/"},{"@type":"ListItem","position":2,"name":"Tarris C-stativ"}]},{"@type":"WebSite","@id":"https://dev.yellon.se/sonobrands/tranas-skolmobler/#website","url":"https://dev.yellon.se/sonobrands/tranas-skolmobler/","name":"Tranås Skolmöbler","description":"Sono Brands","potentialAction":[{"@type":"SearchAction","target":{"@type":"EntryPoint","urlTemplate":"https://dev.yellon.se/sonobrands/tranas-skolmobler/?s={search_term_string}"},"query-input":"required name=search_term_string"}],"inLanguage":"en-US"}]}</script>
<!-- / Yoast SEO plugin. -->

Tarris C-stativ - Tranås Skolmöbler

Tranås Skolmöbler
