{"id":252,"date":"2023-06-22T09:18:53","date_gmt":"2023-06-22T08:18:53","guid":{"rendered":"http:\/\/sono.local\/?post_type=products&#038;p=252"},"modified":"2025-12-10T14:59:43","modified_gmt":"2025-12-10T12:59:43","slug":"combi-200","status":"publish","type":"products","link":"https:\/\/dev.yellon.se\/sonobrands\/tranas-skolmobler\/product\/combi-200\/","title":{"rendered":"Combi 200"},"content":{"rendered":"","protected":false},"template":"","product_cat":[7,142],"acf":{"enable_advanced_product_template":true,"product_image":{"featured_image":484,"gallery_images":[{"image":1344},{"image":1345},{"image":1346},{"image":1347}]},"product_description":"Bord Combi 200 med st\u00e5lstativ, ben i \u00d8 40 mm med inv\u00e4ndig f\u00f6rst\u00e4rkningshylsa f\u00f6r maximal stabilitet, svetsad sarg 40\u00d720 mm. Skiva belagd med h\u00f6gtryckslaminat, linoleum eller ljudd\u00e4mpande h\u00f6gtryckslaminat och abs-kantlister. Levereras med omonterade ben. I serien finns ocks\u00e5 halvrunda och runda bord.","designer":"","product_data_real":{"expandable_colors":{"order":2,"color_row_heading":"F\u00e4rger","colors":[{"actual_colors_row_heading":"Laminat Vit, Bj\u00f6rk, Ljusgr\u00e5","row_colors":[{"image_of_color":1817},{"image_of_color":1812},{"image_of_color":1813}]},{"actual_colors_row_heading":"Linoleum 131-012, 121-053, 121-059","row_colors":[{"image_of_color":1824},{"image_of_color":1825},{"image_of_color":1826}]},{"actual_colors_row_heading":"RAL9003, RAL9006, RAL9005","row_colors":[{"image_of_color":1816},{"image_of_color":1815},{"image_of_color":1814}]}]},"expandable_row":[{"expandable_heading":"Varianter","advanced_row":true,"allow_favorites":true,"plain_test_content":false,"content":"","row_content":[{"label":"Bredd","value":"600\/700\/800\/1200\/1400\/1600\/1800 mm"},{"label":"Djup","value":"600\/700\/800 mm"},{"label":"H\u00f6jd","value":"720\/800\/900 mm"}],"advance_row_content":[{"columns":[{"column_content":"Variant","column_image":""},{"column_content":"Bredd","column_image":""},{"column_content":"Djup","column_image":""},{"column_content":"H\u00f6jd","column_image":""}]},{"columns":[{"column_content":"","column_image":2051},{"column_content":"600 mm","column_image":""},{"column_content":"600 mm","column_image":""},{"column_content":"720\/800\/900 mm","column_image":""}]},{"columns":[{"column_content":"","column_image":2051},{"column_content":"700 mm","column_image":""},{"column_content":"600 mm","column_image":""},{"column_content":"720\/800\/900 mm","column_image":""}]},{"columns":[{"column_content":"","column_image":2051},{"column_content":"800 mm","column_image":""},{"column_content":"600 mm","column_image":""},{"column_content":"720\/800\/900 mm","column_image":""}]},{"columns":[{"column_content":"","column_image":2052},{"column_content":"1200 mm","column_image":""},{"column_content":"600 mm","column_image":""},{"column_content":"720\/800\/900 mm","column_image":""}]},{"columns":[{"column_content":"","column_image":2053},{"column_content":"1400 mm","column_image":""},{"column_content":"600 mm","column_image":""},{"column_content":"720\/800\/900 mm","column_image":""}]},{"columns":[{"column_content":"","column_image":2054},{"column_content":"700 mm","column_image":""},{"column_content":"700 mm","column_image":""},{"column_content":"720\/800\/900 mm","column_image":""}]},{"columns":[{"column_content":"","column_image":2055},{"column_content":"1200 mm","column_image":""},{"column_content":"700 mm","column_image":""},{"column_content":"720\/800\/900 mm","column_image":""}]},{"columns":[{"column_content":"","column_image":2057},{"column_content":"1800 mm","column_image":""},{"column_content":"700 mm","column_image":""},{"column_content":"720\/800\/900 mm","column_image":""}]},{"columns":[{"column_content":"","column_image":2058},{"column_content":"1200 mm","column_image":""},{"column_content":"800 mm","column_image":""},{"column_content":"720\/800\/900 mm","column_image":""}]},{"columns":[{"column_content":"","column_image":2061},{"column_content":"1400 mm","column_image":""},{"column_content":"700 mm","column_image":""},{"column_content":"720\/800\/900 mm","column_image":""}]},{"columns":[{"column_content":"","column_image":2059},{"column_content":"1400 mm","column_image":""},{"column_content":"800 mm","column_image":""},{"column_content":"720\/800\/900 mm","column_image":""}]},{"columns":[{"column_content":"","column_image":2060},{"column_content":"1800 mm","column_image":""},{"column_content":"800 mm","column_image":""},{"column_content":"720\/800\/900 mm","column_image":""}]}]},{"expandable_heading":"Material","advanced_row":false,"allow_favorites":false,"plain_test_content":false,"content":"","row_content":[{"label":"Bordsskiva","value":"H\u00f6gtryckslaminat\/ Linoleum\/ Ljudd\u00e4mpande h\u00f6gtryckslaminat"},{"label":"Stativ","value":"Pulverlackerat st\u00e5lstativ"}],"advance_row_content":null},{"expandable_heading":"Certifikat","advanced_row":false,"allow_favorites":false,"plain_test_content":false,"content":"","row_content":[{"label":"M\u00f6belfakta","value":""}],"advance_row_content":null},{"expandable_heading":"Tillval","advanced_row":false,"allow_favorites":false,"plain_test_content":false,"content":"","row_content":[{"label":"Upph\u00e4ngningsbeslag f\u00f6r 4-bensstol ","value":""},{"label":"Upph\u00e4ngningsbeslag till Strong och Suzan","value":""},{"label":"Stegl\u00f6s st\u00e4llbar h\u00f6jd 0-12 cm","value":""},{"label":"Reglerbara st\u00e4llskruvar f\u00f6r oj\u00e4mna golv","value":""},{"label":"Golvbeslag f\u00f6r fasts\u00e4ttning i golv","value":""},{"label":"Rundade h\u00f6rn, radie 50 mm","value":""},{"label":"4 hjul varav 2 l\u00e5sbara","value":""},{"label":"V\u00e4skkrok","value":""}],"advance_row_content":null}],"documents":[{"file":"","link":{"title":"Dwg","url":"https:\/\/catalogs.pcon-solutions.com\/#\/brands\/o-a64c89a3a77c4072993b1349d1a144b6\/catalog?c=c-51bffc2a1b334221a045e32d386a7a1a","target":"_blank"}},{"file":"","link":{"title":"Broschyr Combi ","url":"https:\/\/ipaper.ipapercms.dk\/SonoGroup\/tranaas-skolmobler\/combi-200\/","target":"_blank"}},{"file":"","link":{"title":"M\u00f6belfakta","url":"https:\/\/www.mobelfakta.se\/Details.html?id=2227","target":"_blank"}},{"file":"","link":{"title":"Assemblyinstruction_combi200","url":"https:\/\/ipaper.ipapercms.dk\/SonoGroup\/tranaas-skolmobler\/monteringsanvisningar\/combi-200\/?page=1","target":""}}]},"product_block":[{"acf_fc_layout":"large_media","media_type":"image","image":862,"embed_url":"","autoplay":false,"video":null,"content":""},{"acf_fc_layout":"content_block","order":"content-media","heading":"Ett komplett bord med m\u00e5nga m\u00f6jligheter","content_background_color":"bg--primary","media_type":"image","embed_url":"","autoplay":false,"video":null,"image":493},{"acf_fc_layout":"large_media","media_type":"image","image":490,"embed_url":"","autoplay":false,"video":null,"content":""},{"acf_fc_layout":"large_media","media_type":"image","image":2528,"embed_url":"","autoplay":false,"video":null,"content":""},{"acf_fc_layout":"large_media","media_type":"image","image":861,"embed_url":"","autoplay":false,"video":null,"content":""},{"acf_fc_layout":"large_media","media_type":"image","image":578,"embed_url":"","autoplay":false,"video":null,"content":""}],"full_width_media":{"hide_module":false,"":null,"media_type":"image","media_size":"full","image":"","video":null,"embed_url":"","content_layout":"default","heading":"","content":"","link_target":""},"related_products":{"heading":"Relaterade produkter","products":[251,255,253,254,274]},"more_related_products":{"heading":"Funkar bra med...","products":[298,299,300,301,302,303,289,238,222,291,292,296,297]},"search_keywords":"bord\r\nmatsalsbord\r\nklassrumsbord\r\n"},"yoast_head":"<!-- This site is optimized with the Yoast SEO plugin v21.6 - https:\/\/yoast.com\/wordpress\/plugins\/seo\/ -->\n<title>Combi 200 - Tran\u00e5s Skolm\u00f6bler<\/title>\n<meta name=\"robots\" content=\"index, follow, max-snippet:-1, max-image-preview:large, max-video-preview:-1\" \/>\n<link rel=\"canonical\" href=\"https:\/\/dev.yellon.se\/sonobrands\/tranas-skolmobler\/product\/combi-200\/\" \/>\n<meta property=\"og:locale\" content=\"en_US\" \/>\n<meta property=\"og:type\" content=\"article\" \/>\n<meta property=\"og:title\" content=\"Combi 200 - Tran\u00e5s Skolm\u00f6bler\" \/>\n<meta property=\"og:url\" content=\"https:\/\/dev.yellon.se\/sonobrands\/tranas-skolmobler\/product\/combi-200\/\" \/>\n<meta property=\"og:site_name\" content=\"Tran\u00e5s Skolm\u00f6bler\" \/>\n<meta property=\"article:modified_time\" content=\"2025-12-10T12:59:43+00:00\" \/>\n<meta name=\"twitter:card\" content=\"summary_large_image\" \/>\n<meta name=\"twitter:label1\" content=\"Est. reading time\" \/>\n\t<meta name=\"twitter:data1\" content=\"8 minutes\" \/>\n<script type=\"application\/ld+json\" class=\"yoast-schema-graph\">{\"@context\":\"https:\/\/schema.org\",\"@graph\":[{\"@type\":\"WebPage\",\"@id\":\"https:\/\/dev.yellon.se\/sonobrands\/tranas-skolmobler\/product\/combi-200\/\",\"url\":\"https:\/\/dev.yellon.se\/sonobrands\/tranas-skolmobler\/product\/combi-200\/\",\"name\":\"Combi 200 - Tran\u00e5s Skolm\u00f6bler\",\"isPartOf\":{\"@id\":\"https:\/\/dev.yellon.se\/sonobrands\/tranas-skolmobler\/#website\"},\"datePublished\":\"2023-06-22T08:18:53+00:00\",\"dateModified\":\"2025-12-10T12:59:43+00:00\",\"breadcrumb\":{\"@id\":\"https:\/\/dev.yellon.se\/sonobrands\/tranas-skolmobler\/product\/combi-200\/#breadcrumb\"},\"inLanguage\":\"en-US\",\"potentialAction\":[{\"@type\":\"ReadAction\",\"target\":[\"https:\/\/dev.yellon.se\/sonobrands\/tranas-skolmobler\/product\/combi-200\/\"]}]},{\"@type\":\"BreadcrumbList\",\"@id\":\"https:\/\/dev.yellon.se\/sonobrands\/tranas-skolmobler\/product\/combi-200\/#breadcrumb\",\"itemListElement\":[{\"@type\":\"ListItem\",\"position\":1,\"name\":\"Home\",\"item\":\"https:\/\/dev.yellon.se\/sonobrands\/tranas-skolmobler\/\"},{\"@type\":\"ListItem\",\"position\":2,\"name\":\"Combi 200\"}]},{\"@type\":\"WebSite\",\"@id\":\"https:\/\/dev.yellon.se\/sonobrands\/tranas-skolmobler\/#website\",\"url\":\"https:\/\/dev.yellon.se\/sonobrands\/tranas-skolmobler\/\",\"name\":\"Tran\u00e5s Skolm\u00f6bler\",\"description\":\"Sono Brands\",\"potentialAction\":[{\"@type\":\"SearchAction\",\"target\":{\"@type\":\"EntryPoint\",\"urlTemplate\":\"https:\/\/dev.yellon.se\/sonobrands\/tranas-skolmobler\/?s={search_term_string}\"},\"query-input\":\"required name=search_term_string\"}],\"inLanguage\":\"en-US\"}]}<\/script>\n<!-- \/ Yoast SEO plugin. -->","yoast_head_json":{"title":"Combi 200 - Tran\u00e5s Skolm\u00f6bler","robots":{"index":"index","follow":"follow","max-snippet":"max-snippet:-1","max-image-preview":"max-image-preview:large","max-video-preview":"max-video-preview:-1"},"canonical":"https:\/\/dev.yellon.se\/sonobrands\/tranas-skolmobler\/product\/combi-200\/","og_locale":"en_US","og_type":"article","og_title":"Combi 200 - Tran\u00e5s Skolm\u00f6bler","og_url":"https:\/\/dev.yellon.se\/sonobrands\/tranas-skolmobler\/product\/combi-200\/","og_site_name":"Tran\u00e5s Skolm\u00f6bler","article_modified_time":"2025-12-10T12:59:43+00:00","twitter_card":"summary_large_image","twitter_misc":{"Est. reading time":"8 minutes"},"schema":{"@context":"https:\/\/schema.org","@graph":[{"@type":"WebPage","@id":"https:\/\/dev.yellon.se\/sonobrands\/tranas-skolmobler\/product\/combi-200\/","url":"https:\/\/dev.yellon.se\/sonobrands\/tranas-skolmobler\/product\/combi-200\/","name":"Combi 200 - Tran\u00e5s Skolm\u00f6bler","isPartOf":{"@id":"https:\/\/dev.yellon.se\/sonobrands\/tranas-skolmobler\/#website"},"datePublished":"2023-06-22T08:18:53+00:00","dateModified":"2025-12-10T12:59:43+00:00","breadcrumb":{"@id":"https:\/\/dev.yellon.se\/sonobrands\/tranas-skolmobler\/product\/combi-200\/#breadcrumb"},"inLanguage":"en-US","potentialAction":[{"@type":"ReadAction","target":["https:\/\/dev.yellon.se\/sonobrands\/tranas-skolmobler\/product\/combi-200\/"]}]},{"@type":"BreadcrumbList","@id":"https:\/\/dev.yellon.se\/sonobrands\/tranas-skolmobler\/product\/combi-200\/#breadcrumb","itemListElement":[{"@type":"ListItem","position":1,"name":"Home","item":"https:\/\/dev.yellon.se\/sonobrands\/tranas-skolmobler\/"},{"@type":"ListItem","position":2,"name":"Combi 200"}]},{"@type":"WebSite","@id":"https:\/\/dev.yellon.se\/sonobrands\/tranas-skolmobler\/#website","url":"https:\/\/dev.yellon.se\/sonobrands\/tranas-skolmobler\/","name":"Tran\u00e5s Skolm\u00f6bler","description":"Sono Brands","potentialAction":[{"@type":"SearchAction","target":{"@type":"EntryPoint","urlTemplate":"https:\/\/dev.yellon.se\/sonobrands\/tranas-skolmobler\/?s={search_term_string}"},"query-input":"required name=search_term_string"}],"inLanguage":"en-US"}]}},"featured_img_src":"https:\/\/dev.yellon.se\/sonobrands\/tranas-skolmobler\/wp-content\/uploads\/2023\/06\/401433_1.jpg","_links":{"self":[{"href":"https:\/\/dev.yellon.se\/sonobrands\/tranas-skolmobler\/wp-json\/wp\/v2\/products\/252"}],"collection":[{"href":"https:\/\/dev.yellon.se\/sonobrands\/tranas-skolmobler\/wp-json\/wp\/v2\/products"}],"about":[{"href":"https:\/\/dev.yellon.se\/sonobrands\/tranas-skolmobler\/wp-json\/wp\/v2\/types\/products"}],"wp:attachment":[{"href":"https:\/\/dev.yellon.se\/sonobrands\/tranas-skolmobler\/wp-json\/wp\/v2\/media?parent=252"}],"wp:term":[{"taxonomy":"product_cat","embeddable":true,"href":"https:\/\/dev.yellon.se\/sonobrands\/tranas-skolmobler\/wp-json\/wp\/v2\/product_cat?post=252"}],"curies":[{"name":"wp","href":"https:\/\/api.w.org\/{rel}","templated":true}]}}

Bord Combi 200 med stålstativ, ben i Ø 40 mm med invändig förstärkningshylsa för maximal stabilitet, svetsad sarg 40×20 mm. Skiva belagd med högtryckslaminat, linoleum eller ljuddämpande högtryckslaminat och abs-kantlister. Levereras med omonterade ben. I serien finns också halvrunda och runda bord.

Färger

Laminat Vit, Björk, Ljusgrå

Höjd

Högtryckslaminat/ Linoleum/ Ljuddämpande högtryckslaminat

Pulverlackerat stålstativ

Möbelfakta

Upphängningsbeslag för 4-bensstol

Upphängningsbeslag till Strong och Suzan

Steglös ställbar höjd 0-12 cm

Reglerbara ställskruvar för ojämna golv

Golvbeslag för fastsättning i golv

Rundade hörn, radie 50 mm

4 hjul varav 2 låsbara

Väskkrok

Ett komplett bord med många möjligheter

<!-- This site is optimized with the Yoast SEO plugin v21.6 - https://yoast.com/wordpress/plugins/seo/ -->
<title>Combi 200 - Tranås Skolmöbler</title>
<meta name="robots" content="index, follow, max-snippet:-1, max-image-preview:large, max-video-preview:-1" />
<link rel="canonical" href="https://dev.yellon.se/sonobrands/tranas-skolmobler/product/combi-200/" />
<meta property="og:locale" content="en_US" />
<meta property="og:type" content="article" />
<meta property="og:title" content="Combi 200 - Tranås Skolmöbler" />
<meta property="og:url" content="https://dev.yellon.se/sonobrands/tranas-skolmobler/product/combi-200/" />
<meta property="og:site_name" content="Tranås Skolmöbler" />
<meta property="article:modified_time" content="2025-12-10T12:59:43+00:00" />
<meta name="twitter:card" content="summary_large_image" />
<meta name="twitter:label1" content="Est. reading time" />
	<meta name="twitter:data1" content="8 minutes" />
<script type="application/ld+json" class="yoast-schema-graph">{"@context":"https://schema.org","@graph":[{"@type":"WebPage","@id":"https://dev.yellon.se/sonobrands/tranas-skolmobler/product/combi-200/","url":"https://dev.yellon.se/sonobrands/tranas-skolmobler/product/combi-200/","name":"Combi 200 - Tranås Skolmöbler","isPartOf":{"@id":"https://dev.yellon.se/sonobrands/tranas-skolmobler/#website"},"datePublished":"2023-06-22T08:18:53+00:00","dateModified":"2025-12-10T12:59:43+00:00","breadcrumb":{"@id":"https://dev.yellon.se/sonobrands/tranas-skolmobler/product/combi-200/#breadcrumb"},"inLanguage":"en-US","potentialAction":[{"@type":"ReadAction","target":["https://dev.yellon.se/sonobrands/tranas-skolmobler/product/combi-200/"]}]},{"@type":"BreadcrumbList","@id":"https://dev.yellon.se/sonobrands/tranas-skolmobler/product/combi-200/#breadcrumb","itemListElement":[{"@type":"ListItem","position":1,"name":"Home","item":"https://dev.yellon.se/sonobrands/tranas-skolmobler/"},{"@type":"ListItem","position":2,"name":"Combi 200"}]},{"@type":"WebSite","@id":"https://dev.yellon.se/sonobrands/tranas-skolmobler/#website","url":"https://dev.yellon.se/sonobrands/tranas-skolmobler/","name":"Tranås Skolmöbler","description":"Sono Brands","potentialAction":[{"@type":"SearchAction","target":{"@type":"EntryPoint","urlTemplate":"https://dev.yellon.se/sonobrands/tranas-skolmobler/?s={search_term_string}"},"query-input":"required name=search_term_string"}],"inLanguage":"en-US"}]}</script>
<!-- / Yoast SEO plugin. -->

Combi 200 - Tranås Skolmöbler

Tranås Skolmöbler
