{"id":255,"date":"2023-06-26T08:42:09","date_gmt":"2023-06-26T07:42:09","guid":{"rendered":"http:\/\/sono.local\/?post_type=products&#038;p=255"},"modified":"2025-03-13T15:31:22","modified_gmt":"2025-03-13T13:31:22","slug":"combi-166","status":"publish","type":"products","link":"https:\/\/dev.yellon.se\/sonobrands\/tranas-skolmobler\/product\/combi-166\/","title":{"rendered":"Combi 166"},"content":{"rendered":"","protected":false},"template":"","product_cat":[7,142],"acf":{"enable_advanced_product_template":true,"product_image":{"featured_image":871,"gallery_images":null},"product_description":"Elevbord med helsvetsat st\u00e5lstativ, ben \u00d8 28 mm. Skiva belagd med h\u00f6gtryckslaminat, linoleum eller ljudd\u00e4mpande h\u00f6gtryckslaminat med ABS-kantlister. Tv\u00e5 fastsvetsade v\u00e4skkrokar. Combi 166 \u00e4r ett klassiskt elevbord som s\u00e5lts i \u00f6ver 25 \u00e5r och som \u00e4n idag \u00e4r bland marknadens b\u00e4sta.","designer":"","product_data_real":{"expandable_colors":{"order":2,"color_row_heading":"F\u00e4rger","colors":[{"actual_colors_row_heading":"Laminat Vit, Bj\u00f6rk, Ljusgr\u00e5","row_colors":[{"image_of_color":1817},{"image_of_color":1812},{"image_of_color":1813}]},{"actual_colors_row_heading":"Linoleum 131-012, 121-053, 121-059","row_colors":[{"image_of_color":1824},{"image_of_color":1825},{"image_of_color":1826}]},{"actual_colors_row_heading":"RAL9003, RAL9006, RAL9005","row_colors":[{"image_of_color":1816},{"image_of_color":1815},{"image_of_color":1814}]}]},"expandable_row":[{"expandable_heading":"Varianter","advanced_row":true,"allow_favorites":true,"plain_test_content":false,"content":"","row_content":[{"label":"Bredd","value":"700\/800\/1200 mm"},{"label":"Djup","value":"600 mm"},{"label":"H\u00f6jd","value":"720 mm"}],"advance_row_content":[{"columns":[{"column_content":"Variant","column_image":""},{"column_content":"Bredd","column_image":""},{"column_content":"Djup","column_image":""},{"column_content":"H\u00f6jd","column_image":""},{"column_content":"Vikt","column_image":""}]},{"columns":[{"column_content":"","column_image":2125},{"column_content":"700 mm","column_image":""},{"column_content":"600 mm","column_image":""},{"column_content":"720 mm","column_image":""},{"column_content":"","column_image":""}]},{"columns":[{"column_content":"","column_image":2126},{"column_content":"800 mm","column_image":""},{"column_content":"600 mm","column_image":""},{"column_content":"720 mm","column_image":""},{"column_content":"","column_image":""}]},{"columns":[{"column_content":"","column_image":2127},{"column_content":"1200 mm","column_image":""},{"column_content":"600 mm","column_image":""},{"column_content":"720 mm","column_image":""},{"column_content":"15,5 kg","column_image":""}]}]},{"expandable_heading":"Material","advanced_row":false,"allow_favorites":false,"plain_test_content":false,"content":"","row_content":[{"label":"Bordsskiva","value":"H\u00f6gtryckslaminat\/ Linoleum\/ Ljudd\u00e4mpande h\u00f6gtryckslaminat"},{"label":"Stativ","value":"Pulverlackerat st\u00e5lstativ"}],"advance_row_content":null},{"expandable_heading":"Certifikat","advanced_row":false,"allow_favorites":false,"plain_test_content":false,"content":"","row_content":[{"label":"M\u00f6belfakta","value":""}],"advance_row_content":null}],"documents":[{"file":"","link":{"title":"M\u00f6belfakta","url":"https:\/\/www.mobelfakta.se\/Details.html?id=1662","target":"_blank"}},{"file":"","link":{"title":"Broschyr Combi","url":"https:\/\/ipaper.ipapercms.dk\/SonoGroup\/tranaas-skolmobler\/combi-200\/","target":"_blank"}}]},"product_block":[{"acf_fc_layout":"large_media","media_type":"image","image":868,"embed_url":"","autoplay":false,"video":null,"content":""},{"acf_fc_layout":"content_block","order":"content-media","heading":"H\u00f6gtryckslaminat f\u00f6r l\u00e5ng h\u00e5llbarhet","content_background_color":"bg--primary","media_type":"image","embed_url":"","autoplay":false,"video":null,"image":866},{"acf_fc_layout":"large_media","media_type":"image","image":870,"embed_url":"","autoplay":false,"video":null,"content":""},{"acf_fc_layout":"content_block","order":"media-content","heading":"Helsvetsat stativ","content_background_color":"bg--primary","media_type":"image","embed_url":"","autoplay":false,"video":null,"image":869}],"full_width_media":{"hide_module":false,"":null,"media_type":"image","media_size":"full","image":"","video":null,"embed_url":"","content_layout":"default","heading":"","content":"","link_target":""},"related_products":{"heading":"Relaterade produkter","products":[251,252,253,254]},"more_related_products":{"heading":"Funkar bra med...","products":[298,299,300,301,302,303]},"search_keywords":""},"yoast_head":"<!-- This site is optimized with the Yoast SEO plugin v21.6 - https:\/\/yoast.com\/wordpress\/plugins\/seo\/ -->\n<title>Combi 166 - Tran\u00e5s Skolm\u00f6bler<\/title>\n<meta name=\"robots\" content=\"index, follow, max-snippet:-1, max-image-preview:large, max-video-preview:-1\" \/>\n<link rel=\"canonical\" href=\"https:\/\/dev.yellon.se\/sonobrands\/tranas-skolmobler\/product\/combi-166\/\" \/>\n<meta property=\"og:locale\" content=\"en_US\" \/>\n<meta property=\"og:type\" content=\"article\" \/>\n<meta property=\"og:title\" content=\"Combi 166 - Tran\u00e5s Skolm\u00f6bler\" \/>\n<meta property=\"og:url\" content=\"https:\/\/dev.yellon.se\/sonobrands\/tranas-skolmobler\/product\/combi-166\/\" \/>\n<meta property=\"og:site_name\" content=\"Tran\u00e5s Skolm\u00f6bler\" \/>\n<meta property=\"article:modified_time\" content=\"2025-03-13T13:31:22+00:00\" \/>\n<meta name=\"twitter:card\" content=\"summary_large_image\" \/>\n<script type=\"application\/ld+json\" class=\"yoast-schema-graph\">{\"@context\":\"https:\/\/schema.org\",\"@graph\":[{\"@type\":\"WebPage\",\"@id\":\"https:\/\/dev.yellon.se\/sonobrands\/tranas-skolmobler\/product\/combi-166\/\",\"url\":\"https:\/\/dev.yellon.se\/sonobrands\/tranas-skolmobler\/product\/combi-166\/\",\"name\":\"Combi 166 - Tran\u00e5s Skolm\u00f6bler\",\"isPartOf\":{\"@id\":\"https:\/\/dev.yellon.se\/sonobrands\/tranas-skolmobler\/#website\"},\"datePublished\":\"2023-06-26T07:42:09+00:00\",\"dateModified\":\"2025-03-13T13:31:22+00:00\",\"breadcrumb\":{\"@id\":\"https:\/\/dev.yellon.se\/sonobrands\/tranas-skolmobler\/product\/combi-166\/#breadcrumb\"},\"inLanguage\":\"en-US\",\"potentialAction\":[{\"@type\":\"ReadAction\",\"target\":[\"https:\/\/dev.yellon.se\/sonobrands\/tranas-skolmobler\/product\/combi-166\/\"]}]},{\"@type\":\"BreadcrumbList\",\"@id\":\"https:\/\/dev.yellon.se\/sonobrands\/tranas-skolmobler\/product\/combi-166\/#breadcrumb\",\"itemListElement\":[{\"@type\":\"ListItem\",\"position\":1,\"name\":\"Home\",\"item\":\"https:\/\/dev.yellon.se\/sonobrands\/tranas-skolmobler\/\"},{\"@type\":\"ListItem\",\"position\":2,\"name\":\"Combi 166\"}]},{\"@type\":\"WebSite\",\"@id\":\"https:\/\/dev.yellon.se\/sonobrands\/tranas-skolmobler\/#website\",\"url\":\"https:\/\/dev.yellon.se\/sonobrands\/tranas-skolmobler\/\",\"name\":\"Tran\u00e5s Skolm\u00f6bler\",\"description\":\"Sono Brands\",\"potentialAction\":[{\"@type\":\"SearchAction\",\"target\":{\"@type\":\"EntryPoint\",\"urlTemplate\":\"https:\/\/dev.yellon.se\/sonobrands\/tranas-skolmobler\/?s={search_term_string}\"},\"query-input\":\"required name=search_term_string\"}],\"inLanguage\":\"en-US\"}]}<\/script>\n<!-- \/ Yoast SEO plugin. -->","yoast_head_json":{"title":"Combi 166 - Tran\u00e5s Skolm\u00f6bler","robots":{"index":"index","follow":"follow","max-snippet":"max-snippet:-1","max-image-preview":"max-image-preview:large","max-video-preview":"max-video-preview:-1"},"canonical":"https:\/\/dev.yellon.se\/sonobrands\/tranas-skolmobler\/product\/combi-166\/","og_locale":"en_US","og_type":"article","og_title":"Combi 166 - Tran\u00e5s Skolm\u00f6bler","og_url":"https:\/\/dev.yellon.se\/sonobrands\/tranas-skolmobler\/product\/combi-166\/","og_site_name":"Tran\u00e5s Skolm\u00f6bler","article_modified_time":"2025-03-13T13:31:22+00:00","twitter_card":"summary_large_image","schema":{"@context":"https:\/\/schema.org","@graph":[{"@type":"WebPage","@id":"https:\/\/dev.yellon.se\/sonobrands\/tranas-skolmobler\/product\/combi-166\/","url":"https:\/\/dev.yellon.se\/sonobrands\/tranas-skolmobler\/product\/combi-166\/","name":"Combi 166 - Tran\u00e5s Skolm\u00f6bler","isPartOf":{"@id":"https:\/\/dev.yellon.se\/sonobrands\/tranas-skolmobler\/#website"},"datePublished":"2023-06-26T07:42:09+00:00","dateModified":"2025-03-13T13:31:22+00:00","breadcrumb":{"@id":"https:\/\/dev.yellon.se\/sonobrands\/tranas-skolmobler\/product\/combi-166\/#breadcrumb"},"inLanguage":"en-US","potentialAction":[{"@type":"ReadAction","target":["https:\/\/dev.yellon.se\/sonobrands\/tranas-skolmobler\/product\/combi-166\/"]}]},{"@type":"BreadcrumbList","@id":"https:\/\/dev.yellon.se\/sonobrands\/tranas-skolmobler\/product\/combi-166\/#breadcrumb","itemListElement":[{"@type":"ListItem","position":1,"name":"Home","item":"https:\/\/dev.yellon.se\/sonobrands\/tranas-skolmobler\/"},{"@type":"ListItem","position":2,"name":"Combi 166"}]},{"@type":"WebSite","@id":"https:\/\/dev.yellon.se\/sonobrands\/tranas-skolmobler\/#website","url":"https:\/\/dev.yellon.se\/sonobrands\/tranas-skolmobler\/","name":"Tran\u00e5s Skolm\u00f6bler","description":"Sono Brands","potentialAction":[{"@type":"SearchAction","target":{"@type":"EntryPoint","urlTemplate":"https:\/\/dev.yellon.se\/sonobrands\/tranas-skolmobler\/?s={search_term_string}"},"query-input":"required name=search_term_string"}],"inLanguage":"en-US"}]}},"featured_img_src":"https:\/\/dev.yellon.se\/sonobrands\/tranas-skolmobler\/wp-content\/uploads\/2023\/06\/166combi_70x60x72_C1312_0000.jpg","_links":{"self":[{"href":"https:\/\/dev.yellon.se\/sonobrands\/tranas-skolmobler\/wp-json\/wp\/v2\/products\/255"}],"collection":[{"href":"https:\/\/dev.yellon.se\/sonobrands\/tranas-skolmobler\/wp-json\/wp\/v2\/products"}],"about":[{"href":"https:\/\/dev.yellon.se\/sonobrands\/tranas-skolmobler\/wp-json\/wp\/v2\/types\/products"}],"wp:attachment":[{"href":"https:\/\/dev.yellon.se\/sonobrands\/tranas-skolmobler\/wp-json\/wp\/v2\/media?parent=255"}],"wp:term":[{"taxonomy":"product_cat","embeddable":true,"href":"https:\/\/dev.yellon.se\/sonobrands\/tranas-skolmobler\/wp-json\/wp\/v2\/product_cat?post=255"}],"curies":[{"name":"wp","href":"https:\/\/api.w.org\/{rel}","templated":true}]}}

Elevbord med helsvetsat stålstativ, ben Ø 28 mm. Skiva belagd med högtryckslaminat, linoleum eller ljuddämpande högtryckslaminat med ABS-kantlister. Två fastsvetsade väskkrokar. Combi 166 är ett klassiskt elevbord som sålts i över 25 år och som än idag är bland marknadens bästa.

Färger

Laminat Vit, Björk, Ljusgrå

Höjd

Högtryckslaminat/ Linoleum/ Ljuddämpande högtryckslaminat

Pulverlackerat stålstativ

Möbelfakta

Högtryckslaminat för lång hållbarhet

<!-- This site is optimized with the Yoast SEO plugin v21.6 - https://yoast.com/wordpress/plugins/seo/ -->
<title>Combi 166 - Tranås Skolmöbler</title>
<meta name="robots" content="index, follow, max-snippet:-1, max-image-preview:large, max-video-preview:-1" />
<link rel="canonical" href="https://dev.yellon.se/sonobrands/tranas-skolmobler/product/combi-166/" />
<meta property="og:locale" content="en_US" />
<meta property="og:type" content="article" />
<meta property="og:title" content="Combi 166 - Tranås Skolmöbler" />
<meta property="og:url" content="https://dev.yellon.se/sonobrands/tranas-skolmobler/product/combi-166/" />
<meta property="og:site_name" content="Tranås Skolmöbler" />
<meta property="article:modified_time" content="2025-03-13T13:31:22+00:00" />
<meta name="twitter:card" content="summary_large_image" />
<script type="application/ld+json" class="yoast-schema-graph">{"@context":"https://schema.org","@graph":[{"@type":"WebPage","@id":"https://dev.yellon.se/sonobrands/tranas-skolmobler/product/combi-166/","url":"https://dev.yellon.se/sonobrands/tranas-skolmobler/product/combi-166/","name":"Combi 166 - Tranås Skolmöbler","isPartOf":{"@id":"https://dev.yellon.se/sonobrands/tranas-skolmobler/#website"},"datePublished":"2023-06-26T07:42:09+00:00","dateModified":"2025-03-13T13:31:22+00:00","breadcrumb":{"@id":"https://dev.yellon.se/sonobrands/tranas-skolmobler/product/combi-166/#breadcrumb"},"inLanguage":"en-US","potentialAction":[{"@type":"ReadAction","target":["https://dev.yellon.se/sonobrands/tranas-skolmobler/product/combi-166/"]}]},{"@type":"BreadcrumbList","@id":"https://dev.yellon.se/sonobrands/tranas-skolmobler/product/combi-166/#breadcrumb","itemListElement":[{"@type":"ListItem","position":1,"name":"Home","item":"https://dev.yellon.se/sonobrands/tranas-skolmobler/"},{"@type":"ListItem","position":2,"name":"Combi 166"}]},{"@type":"WebSite","@id":"https://dev.yellon.se/sonobrands/tranas-skolmobler/#website","url":"https://dev.yellon.se/sonobrands/tranas-skolmobler/","name":"Tranås Skolmöbler","description":"Sono Brands","potentialAction":[{"@type":"SearchAction","target":{"@type":"EntryPoint","urlTemplate":"https://dev.yellon.se/sonobrands/tranas-skolmobler/?s={search_term_string}"},"query-input":"required name=search_term_string"}],"inLanguage":"en-US"}]}</script>
<!-- / Yoast SEO plugin. -->

Combi 166 - Tranås Skolmöbler

Tranås Skolmöbler
