{"id":312,"date":"2023-06-27T09:07:11","date_gmt":"2023-06-27T08:07:11","guid":{"rendered":"http:\/\/sono.local\/?post_type=products&#038;p=312"},"modified":"2025-12-10T15:31:25","modified_gmt":"2025-12-10T13:31:25","slug":"tillklippningsbord-238","status":"publish","type":"products","link":"https:\/\/dev.yellon.se\/sonobrands\/tranas-skolmobler\/product\/tillklippningsbord-238\/","title":{"rendered":"Tillklippningsbord 238"},"content":{"rendered":"","protected":false},"template":"","product_cat":[7,152],"acf":{"enable_advanced_product_template":true,"product_image":{"featured_image":702,"gallery_images":[{"image":703},{"image":704}]},"product_description":"Tillklippningsbord med st\u00e5lstativ, ben \u00d8 32 mm. Skiva belagd med h\u00f6gtryckslaminat. 4 l\u00e5dor p\u00e5 vardera l\u00e5ngsida. \u00d6versta l\u00e5dan genomg\u00e5ende i bj\u00f6rklaminat. Under l\u00e5dorna finns en st\u00e4llning f\u00f6r 80 cm pappersrulle.","designer":"","product_data_real":{"expandable_colors":{"order":2,"color_row_heading":"F\u00e4rger","colors":[{"actual_colors_row_heading":"Bj\u00f6rklaminat","row_colors":[{"image_of_color":1812}]},{"actual_colors_row_heading":"Stativ RAL9003, RAL9006, RAL9005","row_colors":[{"image_of_color":1816},{"image_of_color":1815},{"image_of_color":1814}]}]},"expandable_row":[{"expandable_heading":"M\u00e5tt","advanced_row":false,"allow_favorites":false,"plain_test_content":false,"content":"","row_content":[{"label":"Bredd","value":"1200 mm"},{"label":"Djup","value":"900 mm"},{"label":"H\u00f6jd","value":"900 mm"}],"advance_row_content":null},{"expandable_heading":"Material","advanced_row":false,"allow_favorites":false,"plain_test_content":false,"content":"","row_content":[{"label":"Bordsskiva","value":"H\u00f6gtryckslaminat"},{"label":"Stativ","value":"Pulverlackerat st\u00e5lstativ"}],"advance_row_content":null}],"documents":[{"file":"","link":{"title":"Dwg","url":"https:\/\/catalogs.pcon-solutions.com\/#\/brands\/o-a64c89a3a77c4072993b1349d1a144b6\/catalog?c=c-1eba71d52c854649bae05d21fa2ece31","target":"_blank"}}]},"product_block":[{"acf_fc_layout":"content_block","order":"content-media","heading":"","content_background_color":"bg--white","media_type":"image","embed_url":"","autoplay":false,"video":null,"image":""},{"acf_fc_layout":"large_media","media_type":"image","image":2529,"embed_url":"","autoplay":false,"video":null,"content":""},{"acf_fc_layout":"large_media","media_type":"image","image":1153,"embed_url":"","autoplay":false,"video":null,"content":""}],"full_width_media":{"hide_module":false,"":null,"media_type":"image","media_size":"full","image":"","video":null,"embed_url":"","content_layout":"default","heading":"","content":"","link_target":""},"related_products":{"heading":"Relaterade produkter","products":[311,632,282]},"more_related_products":{"heading":"Funkar bra med...","products":""},"search_keywords":"sl\u00f6jd\r\nsl\u00f6jdbord\r\n238"},"yoast_head":"<!-- This site is optimized with the Yoast SEO plugin v21.6 - https:\/\/yoast.com\/wordpress\/plugins\/seo\/ -->\n<title>Tillklippningsbord 238 - Tran\u00e5s Skolm\u00f6bler<\/title>\n<meta name=\"robots\" content=\"index, follow, max-snippet:-1, max-image-preview:large, max-video-preview:-1\" \/>\n<link rel=\"canonical\" href=\"https:\/\/dev.yellon.se\/sonobrands\/tranas-skolmobler\/product\/tillklippningsbord-238\/\" \/>\n<meta property=\"og:locale\" content=\"en_US\" \/>\n<meta property=\"og:type\" content=\"article\" \/>\n<meta property=\"og:title\" content=\"Tillklippningsbord 238 - Tran\u00e5s Skolm\u00f6bler\" \/>\n<meta property=\"og:url\" content=\"https:\/\/dev.yellon.se\/sonobrands\/tranas-skolmobler\/product\/tillklippningsbord-238\/\" \/>\n<meta property=\"og:site_name\" content=\"Tran\u00e5s Skolm\u00f6bler\" \/>\n<meta property=\"article:modified_time\" content=\"2025-12-10T13:31:25+00:00\" \/>\n<meta name=\"twitter:card\" content=\"summary_large_image\" \/>\n<meta name=\"twitter:label1\" content=\"Est. reading time\" \/>\n\t<meta name=\"twitter:data1\" content=\"3 minutes\" \/>\n<script type=\"application\/ld+json\" class=\"yoast-schema-graph\">{\"@context\":\"https:\/\/schema.org\",\"@graph\":[{\"@type\":\"WebPage\",\"@id\":\"https:\/\/dev.yellon.se\/sonobrands\/tranas-skolmobler\/product\/tillklippningsbord-238\/\",\"url\":\"https:\/\/dev.yellon.se\/sonobrands\/tranas-skolmobler\/product\/tillklippningsbord-238\/\",\"name\":\"Tillklippningsbord 238 - Tran\u00e5s Skolm\u00f6bler\",\"isPartOf\":{\"@id\":\"https:\/\/dev.yellon.se\/sonobrands\/tranas-skolmobler\/#website\"},\"datePublished\":\"2023-06-27T08:07:11+00:00\",\"dateModified\":\"2025-12-10T13:31:25+00:00\",\"breadcrumb\":{\"@id\":\"https:\/\/dev.yellon.se\/sonobrands\/tranas-skolmobler\/product\/tillklippningsbord-238\/#breadcrumb\"},\"inLanguage\":\"en-US\",\"potentialAction\":[{\"@type\":\"ReadAction\",\"target\":[\"https:\/\/dev.yellon.se\/sonobrands\/tranas-skolmobler\/product\/tillklippningsbord-238\/\"]}]},{\"@type\":\"BreadcrumbList\",\"@id\":\"https:\/\/dev.yellon.se\/sonobrands\/tranas-skolmobler\/product\/tillklippningsbord-238\/#breadcrumb\",\"itemListElement\":[{\"@type\":\"ListItem\",\"position\":1,\"name\":\"Home\",\"item\":\"https:\/\/dev.yellon.se\/sonobrands\/tranas-skolmobler\/\"},{\"@type\":\"ListItem\",\"position\":2,\"name\":\"Tillklippningsbord 238\"}]},{\"@type\":\"WebSite\",\"@id\":\"https:\/\/dev.yellon.se\/sonobrands\/tranas-skolmobler\/#website\",\"url\":\"https:\/\/dev.yellon.se\/sonobrands\/tranas-skolmobler\/\",\"name\":\"Tran\u00e5s Skolm\u00f6bler\",\"description\":\"Sono Brands\",\"potentialAction\":[{\"@type\":\"SearchAction\",\"target\":{\"@type\":\"EntryPoint\",\"urlTemplate\":\"https:\/\/dev.yellon.se\/sonobrands\/tranas-skolmobler\/?s={search_term_string}\"},\"query-input\":\"required name=search_term_string\"}],\"inLanguage\":\"en-US\"}]}<\/script>\n<!-- \/ Yoast SEO plugin. -->","yoast_head_json":{"title":"Tillklippningsbord 238 - Tran\u00e5s Skolm\u00f6bler","robots":{"index":"index","follow":"follow","max-snippet":"max-snippet:-1","max-image-preview":"max-image-preview:large","max-video-preview":"max-video-preview:-1"},"canonical":"https:\/\/dev.yellon.se\/sonobrands\/tranas-skolmobler\/product\/tillklippningsbord-238\/","og_locale":"en_US","og_type":"article","og_title":"Tillklippningsbord 238 - Tran\u00e5s Skolm\u00f6bler","og_url":"https:\/\/dev.yellon.se\/sonobrands\/tranas-skolmobler\/product\/tillklippningsbord-238\/","og_site_name":"Tran\u00e5s Skolm\u00f6bler","article_modified_time":"2025-12-10T13:31:25+00:00","twitter_card":"summary_large_image","twitter_misc":{"Est. reading time":"3 minutes"},"schema":{"@context":"https:\/\/schema.org","@graph":[{"@type":"WebPage","@id":"https:\/\/dev.yellon.se\/sonobrands\/tranas-skolmobler\/product\/tillklippningsbord-238\/","url":"https:\/\/dev.yellon.se\/sonobrands\/tranas-skolmobler\/product\/tillklippningsbord-238\/","name":"Tillklippningsbord 238 - Tran\u00e5s Skolm\u00f6bler","isPartOf":{"@id":"https:\/\/dev.yellon.se\/sonobrands\/tranas-skolmobler\/#website"},"datePublished":"2023-06-27T08:07:11+00:00","dateModified":"2025-12-10T13:31:25+00:00","breadcrumb":{"@id":"https:\/\/dev.yellon.se\/sonobrands\/tranas-skolmobler\/product\/tillklippningsbord-238\/#breadcrumb"},"inLanguage":"en-US","potentialAction":[{"@type":"ReadAction","target":["https:\/\/dev.yellon.se\/sonobrands\/tranas-skolmobler\/product\/tillklippningsbord-238\/"]}]},{"@type":"BreadcrumbList","@id":"https:\/\/dev.yellon.se\/sonobrands\/tranas-skolmobler\/product\/tillklippningsbord-238\/#breadcrumb","itemListElement":[{"@type":"ListItem","position":1,"name":"Home","item":"https:\/\/dev.yellon.se\/sonobrands\/tranas-skolmobler\/"},{"@type":"ListItem","position":2,"name":"Tillklippningsbord 238"}]},{"@type":"WebSite","@id":"https:\/\/dev.yellon.se\/sonobrands\/tranas-skolmobler\/#website","url":"https:\/\/dev.yellon.se\/sonobrands\/tranas-skolmobler\/","name":"Tran\u00e5s Skolm\u00f6bler","description":"Sono Brands","potentialAction":[{"@type":"SearchAction","target":{"@type":"EntryPoint","urlTemplate":"https:\/\/dev.yellon.se\/sonobrands\/tranas-skolmobler\/?s={search_term_string}"},"query-input":"required name=search_term_string"}],"inLanguage":"en-US"}]}},"featured_img_src":"https:\/\/dev.yellon.se\/sonobrands\/tranas-skolmobler\/wp-content\/uploads\/2023\/06\/420466_1.jpg","_links":{"self":[{"href":"https:\/\/dev.yellon.se\/sonobrands\/tranas-skolmobler\/wp-json\/wp\/v2\/products\/312"}],"collection":[{"href":"https:\/\/dev.yellon.se\/sonobrands\/tranas-skolmobler\/wp-json\/wp\/v2\/products"}],"about":[{"href":"https:\/\/dev.yellon.se\/sonobrands\/tranas-skolmobler\/wp-json\/wp\/v2\/types\/products"}],"wp:attachment":[{"href":"https:\/\/dev.yellon.se\/sonobrands\/tranas-skolmobler\/wp-json\/wp\/v2\/media?parent=312"}],"wp:term":[{"taxonomy":"product_cat","embeddable":true,"href":"https:\/\/dev.yellon.se\/sonobrands\/tranas-skolmobler\/wp-json\/wp\/v2\/product_cat?post=312"}],"curies":[{"name":"wp","href":"https:\/\/api.w.org\/{rel}","templated":true}]}}

Tillklippningsbord med stålstativ, ben Ø 32 mm. Skiva belagd med högtryckslaminat. 4 lådor på vardera långsida. Översta lådan genomgående i björklaminat. Under lådorna finns en ställning för 80 cm pappersrulle.

Färger

Björklaminat

Mått

Höjd

Högtryckslaminat

Pulverlackerat stålstativ

slöjd
slöjdbord
238

<!-- This site is optimized with the Yoast SEO plugin v21.6 - https://yoast.com/wordpress/plugins/seo/ -->
<title>Tillklippningsbord 238 - Tranås Skolmöbler</title>
<meta name="robots" content="index, follow, max-snippet:-1, max-image-preview:large, max-video-preview:-1" />
<link rel="canonical" href="https://dev.yellon.se/sonobrands/tranas-skolmobler/product/tillklippningsbord-238/" />
<meta property="og:locale" content="en_US" />
<meta property="og:type" content="article" />
<meta property="og:title" content="Tillklippningsbord 238 - Tranås Skolmöbler" />
<meta property="og:url" content="https://dev.yellon.se/sonobrands/tranas-skolmobler/product/tillklippningsbord-238/" />
<meta property="og:site_name" content="Tranås Skolmöbler" />
<meta property="article:modified_time" content="2025-12-10T13:31:25+00:00" />
<meta name="twitter:card" content="summary_large_image" />
<meta name="twitter:label1" content="Est. reading time" />
	<meta name="twitter:data1" content="3 minutes" />
<script type="application/ld+json" class="yoast-schema-graph">{"@context":"https://schema.org","@graph":[{"@type":"WebPage","@id":"https://dev.yellon.se/sonobrands/tranas-skolmobler/product/tillklippningsbord-238/","url":"https://dev.yellon.se/sonobrands/tranas-skolmobler/product/tillklippningsbord-238/","name":"Tillklippningsbord 238 - Tranås Skolmöbler","isPartOf":{"@id":"https://dev.yellon.se/sonobrands/tranas-skolmobler/#website"},"datePublished":"2023-06-27T08:07:11+00:00","dateModified":"2025-12-10T13:31:25+00:00","breadcrumb":{"@id":"https://dev.yellon.se/sonobrands/tranas-skolmobler/product/tillklippningsbord-238/#breadcrumb"},"inLanguage":"en-US","potentialAction":[{"@type":"ReadAction","target":["https://dev.yellon.se/sonobrands/tranas-skolmobler/product/tillklippningsbord-238/"]}]},{"@type":"BreadcrumbList","@id":"https://dev.yellon.se/sonobrands/tranas-skolmobler/product/tillklippningsbord-238/#breadcrumb","itemListElement":[{"@type":"ListItem","position":1,"name":"Home","item":"https://dev.yellon.se/sonobrands/tranas-skolmobler/"},{"@type":"ListItem","position":2,"name":"Tillklippningsbord 238"}]},{"@type":"WebSite","@id":"https://dev.yellon.se/sonobrands/tranas-skolmobler/#website","url":"https://dev.yellon.se/sonobrands/tranas-skolmobler/","name":"Tranås Skolmöbler","description":"Sono Brands","potentialAction":[{"@type":"SearchAction","target":{"@type":"EntryPoint","urlTemplate":"https://dev.yellon.se/sonobrands/tranas-skolmobler/?s={search_term_string}"},"query-input":"required name=search_term_string"}],"inLanguage":"en-US"}]}</script>
<!-- / Yoast SEO plugin. -->

Tillklippningsbord 238 - Tranås Skolmöbler

Tranås Skolmöbler
