{"id":789,"date":"2023-06-28T12:44:50","date_gmt":"2023-06-28T11:44:50","guid":{"rendered":"https:\/\/dev.yellon.se\/sonobrands\/tranas-skolmobler\/?post_type=products&#038;p=789"},"modified":"2026-02-13T11:26:36","modified_gmt":"2026-02-13T09:26:36","slug":"sara","status":"publish","type":"products","link":"https:\/\/dev.yellon.se\/sonobrands\/tranas-skolmobler\/product\/sara\/","title":{"rendered":"Sara"},"content":{"rendered":"","protected":false},"template":"","product_cat":[161,158,156,8,159,9,157],"acf":{"enable_advanced_product_template":true,"product_image":{"featured_image":796,"gallery_images":[{"image":1110},{"image":1111},{"image":1112},{"image":1113},{"image":1114},{"image":1115}]},"product_description":"Sara modulsoffa\/b\u00e4nk med formpressad sits och rygg belagd med h\u00f6gtryckslaminat i ek alt kl\u00e4dd. St\u00e5lstativ \u00d8 32 mm. Som tillbeh\u00f6r finns sk\u00e4rm i perforerad pl\u00e5t som kan anv\u00e4ndas som avsk\u00e4rmning eller ryggst\u00f6d. Bord och golvbeslag finns ocks\u00e5 som tillbeh\u00f6r.","designer":"Louise Hederstr\u00f6m","product_data_real":{"expandable_colors":{"order":2,"color_row_heading":"F\u00e4rger","colors":[{"actual_colors_row_heading":"Sits och rygg Ljus eklaminat","row_colors":[{"image_of_color":1799}]},{"actual_colors_row_heading":"Stativ RAL5009, RAL6034, RAL6021, RAL1018","row_colors":[{"image_of_color":1801},{"image_of_color":1800},{"image_of_color":1802},{"image_of_color":1803}]},{"actual_colors_row_heading":"RAL6015, RAL7043, RAL9003, RAL3016","row_colors":[{"image_of_color":1804},{"image_of_color":1805},{"image_of_color":1806},{"image_of_color":1807}]}]},"expandable_row":[{"expandable_heading":"Varianter","advanced_row":true,"allow_favorites":true,"plain_test_content":false,"content":"","row_content":[{"label":"Bredd","value":"220-1000 mm"},{"label":"H\u00f6jd","value":"410\/710 mm"}],"advance_row_content":[{"columns":[{"column_content":"Modell","column_image":""},{"column_content":"Art.nr","column_image":""},{"column_content":"Bredd","column_image":""},{"column_content":"Djup","column_image":""},{"column_content":"H\u00f6jd","column_image":""}]},{"columns":[{"column_content":"","column_image":1953},{"column_content":"900BANK","column_image":""},{"column_content":"1000 mm","column_image":""},{"column_content":"790 mm","column_image":""},{"column_content":"410 mm","column_image":""}]},{"columns":[{"column_content":"","column_image":1956},{"column_content":"900RAK2","column_image":""},{"column_content":"1000 mm","column_image":""},{"column_content":"990 mm","column_image":""},{"column_content":"410\/710 mm","column_image":""}]},{"columns":[{"column_content":"","column_image":1958},{"column_content":"900RAH","column_image":""},{"column_content":"740\/1000 mm","column_image":""},{"column_content":"990 mm","column_image":""},{"column_content":"410\/710 mm","column_image":""}]},{"columns":[{"column_content":"","column_image":1959},{"column_content":"900RAV","column_image":""},{"column_content":"740\/1000 mm","column_image":""},{"column_content":"990 mm","column_image":""},{"column_content":"410\/710 mm","column_image":""}]},{"columns":[{"column_content":"","column_image":1954},{"column_content":"900HIN","column_image":""},{"column_content":"220\/740 mm","column_image":""},{"column_content":"990 mm","column_image":""},{"column_content":"410\/710 mm","column_image":""}]},{"columns":[{"column_content":"","column_image":1960},{"column_content":"900HUT","column_image":""},{"column_content":"220\/740 mm","column_image":""},{"column_content":"990 mm","column_image":""},{"column_content":"410\/710 mm","column_image":""}]},{"columns":[{"column_content":"","column_image":1955},{"column_content":"900LB (laptopbord)","column_image":""},{"column_content":"260 mm","column_image":""},{"column_content":"260 mm","column_image":""},{"column_content":"-","column_image":""}]}]},{"expandable_heading":"Material","advanced_row":false,"allow_favorites":false,"plain_test_content":false,"content":"","row_content":[{"label":"Sits","value":"H\u00f6gtryckslaminat\/tyg"},{"label":"Stativ","value":"Pulverlackerat st\u00e5lstativ"},{"label":"Bordskiva","value":"H\u00f6gtryckslaminat"},{"label":"Sk\u00e4rm","value":"Pulverlackerad tr\u00e5dmetall"}],"advance_row_content":null}],"documents":[{"file":"","link":{"title":"Dwg","url":"https:\/\/catalogs.pcon-solutions.com\/#\/brands\/o-a64c89a3a77c4072993b1349d1a144b6\/catalog?c=c-5859a97539894dfb866775b4bf937a8e","target":"_blank"}},{"file":"","link":{"title":"Broschyr Sara Svenska","url":"https:\/\/ipaper.ipapercms.dk\/SonoGroup\/tranaas-skolmobler\/sara-svenska1\/","target":"_blank"}},{"file":"","link":{"title":"Broschyr Sara Norska","url":"https:\/\/ipaper.ipapercms.dk\/SonoGroup\/tranaas-skolmobler\/sara-norska\/?page=1","target":"_blank"}},{"file":"","link":{"title":"Broschyr Sara Danska","url":"https:\/\/ipaper.ipapercms.dk\/SonoGroup\/tranaas-skolmobler\/sara-danska\/","target":"_blank"}},{"file":"","link":{"title":"Sara English","url":"https:\/\/ipaper.ipapercms.dk\/SonoGroup\/tranaas-skolmobler\/sara-english\/","target":"_blank"}}]},"product_block":[{"acf_fc_layout":"large_media","media_type":"image","image":1860,"embed_url":"","autoplay":false,"video":null,"content":""},{"acf_fc_layout":"content_block","order":"media-content","heading":"Sk\u00e4rma av","content_background_color":"bg--primary","media_type":"image","embed_url":"","autoplay":false,"video":null,"image":795},{"acf_fc_layout":"large_media","media_type":"image","image":792,"embed_url":"","autoplay":false,"video":null,"content":""},{"acf_fc_layout":"content_block","order":"content-media","heading":"Formgivare","content_background_color":"bg--primary","media_type":"image","embed_url":"","autoplay":false,"video":null,"image":1311},{"acf_fc_layout":"large_media","media_type":"image","image":791,"embed_url":"","autoplay":false,"video":null,"content":""}],"full_width_media":{"hide_module":false,"":null,"media_type":"image","media_size":"full","image":"","video":null,"embed_url":"","content_layout":"default","heading":"","content":"","link_target":""},"related_products":{"heading":"Relaterade produkter","products":[778,263,268]},"more_related_products":{"heading":"Funkar bra med...","products":""},"search_keywords":"900\r\n900RAK\r\n900HIN\r\n900HUT\r\nb\u00e4nk soffa\r\nmodul\u00e4r soffa\r\nmodulsoffa\r\nbyggbar soffa"},"yoast_head":"<!-- This site is optimized with the Yoast SEO plugin v21.6 - https:\/\/yoast.com\/wordpress\/plugins\/seo\/ -->\n<title>Sara - Tran\u00e5s Skolm\u00f6bler<\/title>\n<meta name=\"robots\" content=\"index, follow, max-snippet:-1, max-image-preview:large, max-video-preview:-1\" \/>\n<link rel=\"canonical\" href=\"https:\/\/dev.yellon.se\/sonobrands\/tranas-skolmobler\/product\/sara\/\" \/>\n<meta property=\"og:locale\" content=\"en_US\" \/>\n<meta property=\"og:type\" content=\"article\" \/>\n<meta property=\"og:title\" content=\"Sara - Tran\u00e5s Skolm\u00f6bler\" \/>\n<meta property=\"og:url\" content=\"https:\/\/dev.yellon.se\/sonobrands\/tranas-skolmobler\/product\/sara\/\" \/>\n<meta property=\"og:site_name\" content=\"Tran\u00e5s Skolm\u00f6bler\" \/>\n<meta property=\"article:modified_time\" content=\"2026-02-13T09:26:36+00:00\" \/>\n<meta name=\"twitter:card\" content=\"summary_large_image\" \/>\n<meta name=\"twitter:label1\" content=\"Est. reading time\" \/>\n\t<meta name=\"twitter:data1\" content=\"7 minutes\" \/>\n<script type=\"application\/ld+json\" class=\"yoast-schema-graph\">{\"@context\":\"https:\/\/schema.org\",\"@graph\":[{\"@type\":\"WebPage\",\"@id\":\"https:\/\/dev.yellon.se\/sonobrands\/tranas-skolmobler\/product\/sara\/\",\"url\":\"https:\/\/dev.yellon.se\/sonobrands\/tranas-skolmobler\/product\/sara\/\",\"name\":\"Sara - Tran\u00e5s Skolm\u00f6bler\",\"isPartOf\":{\"@id\":\"https:\/\/dev.yellon.se\/sonobrands\/tranas-skolmobler\/#website\"},\"datePublished\":\"2023-06-28T11:44:50+00:00\",\"dateModified\":\"2026-02-13T09:26:36+00:00\",\"breadcrumb\":{\"@id\":\"https:\/\/dev.yellon.se\/sonobrands\/tranas-skolmobler\/product\/sara\/#breadcrumb\"},\"inLanguage\":\"en-US\",\"potentialAction\":[{\"@type\":\"ReadAction\",\"target\":[\"https:\/\/dev.yellon.se\/sonobrands\/tranas-skolmobler\/product\/sara\/\"]}]},{\"@type\":\"BreadcrumbList\",\"@id\":\"https:\/\/dev.yellon.se\/sonobrands\/tranas-skolmobler\/product\/sara\/#breadcrumb\",\"itemListElement\":[{\"@type\":\"ListItem\",\"position\":1,\"name\":\"Home\",\"item\":\"https:\/\/dev.yellon.se\/sonobrands\/tranas-skolmobler\/\"},{\"@type\":\"ListItem\",\"position\":2,\"name\":\"Sara\"}]},{\"@type\":\"WebSite\",\"@id\":\"https:\/\/dev.yellon.se\/sonobrands\/tranas-skolmobler\/#website\",\"url\":\"https:\/\/dev.yellon.se\/sonobrands\/tranas-skolmobler\/\",\"name\":\"Tran\u00e5s Skolm\u00f6bler\",\"description\":\"Sono Brands\",\"potentialAction\":[{\"@type\":\"SearchAction\",\"target\":{\"@type\":\"EntryPoint\",\"urlTemplate\":\"https:\/\/dev.yellon.se\/sonobrands\/tranas-skolmobler\/?s={search_term_string}\"},\"query-input\":\"required name=search_term_string\"}],\"inLanguage\":\"en-US\"}]}<\/script>\n<!-- \/ Yoast SEO plugin. -->","yoast_head_json":{"title":"Sara - Tran\u00e5s Skolm\u00f6bler","robots":{"index":"index","follow":"follow","max-snippet":"max-snippet:-1","max-image-preview":"max-image-preview:large","max-video-preview":"max-video-preview:-1"},"canonical":"https:\/\/dev.yellon.se\/sonobrands\/tranas-skolmobler\/product\/sara\/","og_locale":"en_US","og_type":"article","og_title":"Sara - Tran\u00e5s Skolm\u00f6bler","og_url":"https:\/\/dev.yellon.se\/sonobrands\/tranas-skolmobler\/product\/sara\/","og_site_name":"Tran\u00e5s Skolm\u00f6bler","article_modified_time":"2026-02-13T09:26:36+00:00","twitter_card":"summary_large_image","twitter_misc":{"Est. reading time":"7 minutes"},"schema":{"@context":"https:\/\/schema.org","@graph":[{"@type":"WebPage","@id":"https:\/\/dev.yellon.se\/sonobrands\/tranas-skolmobler\/product\/sara\/","url":"https:\/\/dev.yellon.se\/sonobrands\/tranas-skolmobler\/product\/sara\/","name":"Sara - Tran\u00e5s Skolm\u00f6bler","isPartOf":{"@id":"https:\/\/dev.yellon.se\/sonobrands\/tranas-skolmobler\/#website"},"datePublished":"2023-06-28T11:44:50+00:00","dateModified":"2026-02-13T09:26:36+00:00","breadcrumb":{"@id":"https:\/\/dev.yellon.se\/sonobrands\/tranas-skolmobler\/product\/sara\/#breadcrumb"},"inLanguage":"en-US","potentialAction":[{"@type":"ReadAction","target":["https:\/\/dev.yellon.se\/sonobrands\/tranas-skolmobler\/product\/sara\/"]}]},{"@type":"BreadcrumbList","@id":"https:\/\/dev.yellon.se\/sonobrands\/tranas-skolmobler\/product\/sara\/#breadcrumb","itemListElement":[{"@type":"ListItem","position":1,"name":"Home","item":"https:\/\/dev.yellon.se\/sonobrands\/tranas-skolmobler\/"},{"@type":"ListItem","position":2,"name":"Sara"}]},{"@type":"WebSite","@id":"https:\/\/dev.yellon.se\/sonobrands\/tranas-skolmobler\/#website","url":"https:\/\/dev.yellon.se\/sonobrands\/tranas-skolmobler\/","name":"Tran\u00e5s Skolm\u00f6bler","description":"Sono Brands","potentialAction":[{"@type":"SearchAction","target":{"@type":"EntryPoint","urlTemplate":"https:\/\/dev.yellon.se\/sonobrands\/tranas-skolmobler\/?s={search_term_string}"},"query-input":"required name=search_term_string"}],"inLanguage":"en-US"}]}},"featured_img_src":"https:\/\/dev.yellon.se\/sonobrands\/tranas-skolmobler\/wp-content\/uploads\/2023\/06\/Sara1.jpg","_links":{"self":[{"href":"https:\/\/dev.yellon.se\/sonobrands\/tranas-skolmobler\/wp-json\/wp\/v2\/products\/789"}],"collection":[{"href":"https:\/\/dev.yellon.se\/sonobrands\/tranas-skolmobler\/wp-json\/wp\/v2\/products"}],"about":[{"href":"https:\/\/dev.yellon.se\/sonobrands\/tranas-skolmobler\/wp-json\/wp\/v2\/types\/products"}],"wp:attachment":[{"href":"https:\/\/dev.yellon.se\/sonobrands\/tranas-skolmobler\/wp-json\/wp\/v2\/media?parent=789"}],"wp:term":[{"taxonomy":"product_cat","embeddable":true,"href":"https:\/\/dev.yellon.se\/sonobrands\/tranas-skolmobler\/wp-json\/wp\/v2\/product_cat?post=789"}],"curies":[{"name":"wp","href":"https:\/\/api.w.org\/{rel}","templated":true}]}}

Sara modulsoffa/bänk med formpressad sits och rygg belagd med högtryckslaminat i ek alt klädd. Stålstativ Ø 32 mm. Som tillbehör finns skärm i perforerad plåt som kan användas som avskärmning eller ryggstöd. Bord och golvbeslag finns också som tillbehör.

Louise Hederström

Färger

Höjd

Högtryckslaminat/tyg

Pulverlackerat stålstativ

Högtryckslaminat

Skärm

Pulverlackerad trådmetall

Skärma av

900
900RAK
900HIN
900HUT
bänk soffa
modulär soffa
modulsoffa
byggbar soffa

<!-- This site is optimized with the Yoast SEO plugin v21.6 - https://yoast.com/wordpress/plugins/seo/ -->
<title>Sara - Tranås Skolmöbler</title>
<meta name="robots" content="index, follow, max-snippet:-1, max-image-preview:large, max-video-preview:-1" />
<link rel="canonical" href="https://dev.yellon.se/sonobrands/tranas-skolmobler/product/sara/" />
<meta property="og:locale" content="en_US" />
<meta property="og:type" content="article" />
<meta property="og:title" content="Sara - Tranås Skolmöbler" />
<meta property="og:url" content="https://dev.yellon.se/sonobrands/tranas-skolmobler/product/sara/" />
<meta property="og:site_name" content="Tranås Skolmöbler" />
<meta property="article:modified_time" content="2026-02-13T09:26:36+00:00" />
<meta name="twitter:card" content="summary_large_image" />
<meta name="twitter:label1" content="Est. reading time" />
	<meta name="twitter:data1" content="7 minutes" />
<script type="application/ld+json" class="yoast-schema-graph">{"@context":"https://schema.org","@graph":[{"@type":"WebPage","@id":"https://dev.yellon.se/sonobrands/tranas-skolmobler/product/sara/","url":"https://dev.yellon.se/sonobrands/tranas-skolmobler/product/sara/","name":"Sara - Tranås Skolmöbler","isPartOf":{"@id":"https://dev.yellon.se/sonobrands/tranas-skolmobler/#website"},"datePublished":"2023-06-28T11:44:50+00:00","dateModified":"2026-02-13T09:26:36+00:00","breadcrumb":{"@id":"https://dev.yellon.se/sonobrands/tranas-skolmobler/product/sara/#breadcrumb"},"inLanguage":"en-US","potentialAction":[{"@type":"ReadAction","target":["https://dev.yellon.se/sonobrands/tranas-skolmobler/product/sara/"]}]},{"@type":"BreadcrumbList","@id":"https://dev.yellon.se/sonobrands/tranas-skolmobler/product/sara/#breadcrumb","itemListElement":[{"@type":"ListItem","position":1,"name":"Home","item":"https://dev.yellon.se/sonobrands/tranas-skolmobler/"},{"@type":"ListItem","position":2,"name":"Sara"}]},{"@type":"WebSite","@id":"https://dev.yellon.se/sonobrands/tranas-skolmobler/#website","url":"https://dev.yellon.se/sonobrands/tranas-skolmobler/","name":"Tranås Skolmöbler","description":"Sono Brands","potentialAction":[{"@type":"SearchAction","target":{"@type":"EntryPoint","urlTemplate":"https://dev.yellon.se/sonobrands/tranas-skolmobler/?s={search_term_string}"},"query-input":"required name=search_term_string"}],"inLanguage":"en-US"}]}</script>
<!-- / Yoast SEO plugin. -->

Sara - Tranås Skolmöbler

Tranås Skolmöbler
